537554276?
2
What is the thousands digit of 778955354?
5
What is the tens digit of 3856058007?
0
What is the ten thousands digit of 4295568566?
6
What is the ten millions digit of 39089593?
3
What is the units digit of 51351979?
9
What is the hundred thousands digit of 199938615?
9
What is the tens digit of 3885803868?
6
What is the billions digit of 3711916125?
3
What is the ten millions digit of 732457340?
3
What is the ten thousands digit of 16729559?
2
What is the tens digit of 1544288424?
2
What is the ten thousands digit of 393134890?
3
What is the ten thousands digit of 77402915?
0
What is the thousands digit of 664481242?
1
What is the ten thousands digit of 5533115?
3
What is the millions digit of 356038486?
6
What is the ten millions digit of 847896940?
4
What is the ten thousands digit of 5813320?
1
What is the ten thousands digit of 5906478?
0
What is the billions digit of 2673330624?
2
What is the hundred thousands digit of 88319996?
3
What is the units digit of 145758611?
1
What is the tens digit of 159311396?
9
What is the thousands digit of 32234525?
4
What is the hundred millions digit of 1694363180?
6
What is the ten thousands digit of 81779777?
7
What is the hundred thousands digit of 35562467?
5
What is the units digit of 43319809?
9
What is the ten thousands digit of 1097094041?
9
What is the hundreds digit of 19752559?
5
What is the hundreds digit of 888400573?
5
What is the units digit of 9352232?
2
What is the millions digit of 306742762?
6
What is the thousands digit of 267044904?
4
What is the hundred thousands digit of 1694669003?
6
What is the ten millions digit of 369190709?
6
What is the ten millions digit of 505739893?
0
What is the hundreds digit of 34898152?
1
What is the ten thousands digit of 31912805?
1
What is the ten thousands digit of 11404704?
0
What is the millions digit of 2203822399?
3
What is the hundred millions digit of 317682129?
3
What is the ten thousands digit of 104844966?
4
What is the hundred thousands digit of 11415141?
4
What is the units digit of 2389749496?
6
What is the ten thousands digit of 42199468?
9
What is the ten thousands digit of 278394495?
9
What is the units digit of 217832625?
5
What is the thousands digit of 84174743?
4
What is the millions digit of 87244109?
7
What is the hundreds digit of 48057782?
7
What is the ten thousands digit of 2752606?
5
What is the billions digit of 2107299818?
2
What is the units digit of 774015800?
0
What is the thousands digit of 538397660?
7
What is the thousands digit of 3273612676?
2
What is the millions digit of 56454096?
6
What is the millions digit of 276110360?
6
What is the tens digit of 19955187?
8
What is the hundreds digit of 1065937627?
6
What is the tens digit of 2097528748?
4
What is the tens digit of 62419626?
2
What is the hundred thousands digit of 2972310988?
3
What is the units digit of 441514442?
2
What is the hundred millions digit of 3047925913?
0
What is the millions digit of 38390310?
8
What is the hundred millions digit of 189010661?
1
What is the ten thousands digit of 2358871938?
7
What is the ten millions digit of 1020718438?
2
What is the units digit of 8669810?
0
What is the ten millions digit of 35628091?
3
What is the units digit of 604855520?
0
What is the hundreds digit of 1244188873?
8
What is the ten millions digit of 32073067?
3
What is the hundred thousands digit of 138708403?
7
What is the hundred thousands digit of 99893449?
8
What is the thousands digit of 2283076505?
6
What is the thousands digit of 383293127?
3
What is the tens digit of 14935729?
2
What is the millions digit of 34523712?
4
What is the thousands digit of 156797476?
7
What is the thousands digit of 26929580?
9
What is the hundred millions digit of 955015064?
9
What is the hundreds digit of 414441450?
4
What is the millions digit of 1580763213?
0
What is the units digit of 332563238?
8
What is the units digit of 4331229042?
2
What is the hundred thousands digit of 2452420216?
4
What is the thousands digit of 9353065?
3
What is the hundred thousands digit of 1254418470?
4
What is the hundreds digit of 70308563?
5
What is the ten millions digit of 168226960?
6
What is the ten millions digit of 41028716?
4
What is the ten thousands digit of 601943261?
4
What is the units digit of 155257893?
3
What is the hundreds digit of 86127439?
4
What is the hundred thousands digit of 488202033?
2
What is the ten thousands digit of 97127441?
2
What is the hundred millions digit of 3081141024?
0
What is the hundreds digit of 35184564?
5
What is the hundred thousands digit of 821897984?
8
What is the ten millions digit of 15836323?
1
What is the millions digit of 19159409?
9
What is the ten millions digit of 1258256795?
5
What is the hundred thousands digit of 322669052?
6
What is the billions digit of 2042778927?
2
What is the units digit of 265623299?
9
What is the hundred thousands digit of 22720285?
7
What is the ten millions digit of 6352642103?
5
What is the tens digit of 1771621118?
1
What is the ten millions digit of 388987598?
8
What is the thousands digit of 66912508?
2
What is the ten millions digit of 1887479704?
8
What is the ten thousands digit of 71546097?
4
What is the units digit of 66069419?
9
What is the hundred thousands digit of 1562860376?
8
What is the units digit of 16536801?
1
What is the ten millions digit of 27385068?
2
What is the ten millions digit of 198871937?
9
What is the hundred thousands digit of 134293685?
2
What is the ten thousands digit of 3889992019?
9
What is the ten thousands digit of 278015498?
1
What is the hundreds digit of 1556821775?
7
What is the millions digit of 135734738?
5
What is the hundred millions digit of 100712926?
1
What is the millions digit of 88642235?
8
What is the hundreds digit of 28855102?
1
What is the tens digit of 48132586?
8
What is the units digit of 5171481774?
4
What is the millions digit of 1544271?
1
What is the hundred millions digit of 2450616274?
4
What is the billions digit of 1488777722?
1
What is the units digit of 295336317?
7
What is the hundreds digit of 3249248329?
3
What is the ten thousands digit of 117447332?
4
What is the thousands digit of 45941575?
1
What is the ten millions digit of 780112153?
8
What is the hundred millions digit of 1028371626?
0
What is the hundred thousands digit of 133596998?
5
What is the tens digit of 243894948?
4
What is the hundred millions digit of 2418233824?
4
What is the hundreds digit of 133875192?
1
What is the millions digit of 2738453?
2
What is the thousands digit of 453289966?
9
What is the thousands digit of 24078876?
8
What is the hundred thousands digit of 1206443833?
4
What is the units digit of 70370465?
5
What is the hundreds digit of 924108280?
2
What is the hundreds digit of 1971489897?
8
What is the thousands digit of 68531115?
1
What is the tens digit of 1663243537?
3
What is the units digit of 155669370?
0
What is the hundreds digit of 164133515?
5
What is the ten millions digit of 1409945032?
0
What is the ten thousands digit of 393164469?
6
What is the ten thousands digit of 16502534?
0
What is the millions digit of 2003251562?
3
What is the hundred millions digit of 574867262?
5
What is the ten millions digit of 26912144?
2
What is the thousands digit of 186263614?
3
What is the hundred millions digit of 205438558?
2
What is the millions digit of 1294997204?
4
What is the hundreds digit of 51937709?
7
What is the hundred millions digit of 337101235?
3
What is the millions digit of 16218067?
6
What is the tens digit of 2550848778?
7
What is the tens digit of 1558964551?
5
What is the ten thousands digit of 27169997?
6
What is the ten thousands digit of 215942641?
4
What is the ten millions digit of 796863948?
9
What is the millions digit of 17329095?
7
What is the units digit of 243180746?
6
What is the hundreds digit of 156360520?
5
What is the units digit of 156122101?
1
What is the hundreds digit of 1830337469?
4
What is the ten thousands digit of 3444244799?
4
What is the thousands digit of 121049566?
9
What is the ten thousands digit of 24090093?
9
What is the hundreds digit of 1310872976?
9
What is the ten thousands digit of 94122229?
2
What is the millions digit of 822188263?
2
What is the ten thousands dig